.
-1346
Let u(v) = 257564*v - 5408855. Determine u(21).
-11
Let s(n) = 28*n**3 - 5*n**2 + 117*n - 124. Calculate s(1).
16
Let v(i) = 652*i - 217723. Determine v(334).
45
Let d(m) = 2*m**3 + 109*m**2 - 293*m - 197. What is d(-57)?
259
Let d(t) = -t**3 - 32*t**2 + 168*t + 731. What is d(-36)?
-133
Let g(x) = -x**2 + 2375*x - 113943. Calculate g(49).
31
Let h(k) = 3*k**2 - 1032*k + 88158. Determine h(187).
81
Let z(q) = 4*q**3 - 412*q**2 - 20*q + 1905. Calculate z(103).
-155
Let w(g) = -4*g**2 + 2084*g + 29956. What is w(-14)?
-4
Let i(q) = 562*q + 18681. Give i(-33).
135
Let i(n) = 2*n**3 + 100*n**2 - 6436*n + 313. Give i(-87).
139
Let z(s) = -570*s + 1526. Calculate z(3).
-184
Let b(y) = -1628928*y + 22804990. Determine b(14).
-2
Let d(z) = z**2 - 116*z + 1285. What is d(62)?
-2063
Let b(j) = -3*j**2 + 1783*j + 911348. Determine b(-329).
18
Let p(g) = 3*g**3 + 42*g**2 + 55*g + 727. Determine p(-14).
-43
Let d(l) = 128*l**2 + 39814*l + 1710. Determine d(-311).
-156
Let i(v) = 802*v**3 - 7*v**2 - 20*v - 15. Calculate i(-1).
-804
Let m(y) = y**3 + 49*y**2 - 541*y - 484. What is m(10)?
6
Let w(d) = 91*d**2 + 2072*d - 388. Calculate w(-23).
95
Let b(m) = -2*m**3 - 13*m**2 - 724*m - 5938. What is b(-8)?
46
Let o(y) = -9222*y - 101243. Determine o(-11).
199
Let z(w) = 344*w + 91184. What is z(-256)?
3120
Let d(s) = -s**2 - 6897*s - 1137055. Determine d(-169).
-23
Let u(a) = -a**3 - 122*a**2 - 1702*a - 508. Calculate u(-106).
128
Let q(n) = 8*n**3 + 2499*n**2 + 934*n - 618. Calculate q(-312).
6
Let h(j) = -j**3 + 74*j**2 + 103*j - 2094. Determine h(75).
6
Let m(z) = -29*z**3 + 8*z**2 + 1136*z + 1133. Give m(-1).
34
Let p(n) = -423*n - 11655. Calculate p(-27).
-234
Let d(z) = 3764727*z - 22588368. What is d(6)?
-6
Let a(w) = -14*w**2 + 625*w - 5773. Calculate a(31).
148
Let h(t) = 4*t**2 - 1339*t - 58303. Determine h(-39).
2
Let w(k) = -519*k**2 + 3594*k + 266. Calculate w(7).
-7
Let g(b) = -361*b - 7382. What is g(-22)?
560
Let w(l) = -l**3 + 38*l**2 - 2111*l + 91618. What is w(41)?
24
Let i(l) = -7371*l - 154704. Determine i(-21).
87
Let z(x) = 375*x**2 - 7468*x - 358. What is z(20)?
282
Let l(i) = i**2 - 3938*i - 15727. Determine l(-4).
41
Let i(v) = 4105*v - 131256. What is i(32)?
104
Let m(y) = 1018*y - 34348. Determine m(34).
264
Let f(x) = -x**2 - 33997*x - 3153065. Calculate f(-93).
7
Let z(l) = -8*l**3 - 1069*l**2 + 403*l + 76. Calculate z(-134).
-58
Let w(h) = -h**3 + 4*h**2 + 156*h - 197. What is w(13)?
310
Let u(k) = 54*k + 5426. Give u(-100).
26
Let a(y) = -y**2 - 32*y + 184. Give a(-17).
439
Let w(v) = -55*v**2 + 938*v - 3846. Give w(7).
25
Let d(h) = -5020*h + 1586334. Give d(316).
14
Let x(q) = -q**2 - 1006*q + 241208. What is x(-1206)?
8
Let g(j) = -j**3 - 2125*j**2 - 23226*j + 22. Determine g(-11).
-286
Let q(z) = z**2 + 1730*z - 87167. Determine q(49).
4
Let r(t) = 77*t**3 + 11*t**2 - 107*t + 95. Determine r(1).
76
Let q(m) = 2*m**3 - 118*m**2 + 363*m - 1397. What is q(56)?
115
Let j(f) = -344*f - 37014. Give j(-105).
-894
Let s(x) = 2*x**2 + 234*x - 197322. Give s(261).
-6
Let r(m) = 469*m - 190431. Give r(406).
-17
Let d(v) = 4*v**3 + 258*v**2 - 138*v - 521. Give d(-65).
-1
Let l(t) = -t**3 + 19*t**2 + 1937*t - 42431. Determine l(23).
4
Let i(d) = -d**2 + 4525*d + 49620. Calculate i(-11).
-276
Let o(w) = -16558*w - 562967. Calculate o(-34).
5
Let z(i) = -24*i**2 - 628*i - 25. What is z(-26)?
79
Let w(a) = -164*a - 8222. Give w(-50).
-22
Let h(d) = d**3 - 45*d**2 + 4468*d - 201160. Determine h(45).
-100
Let j(r) = -22661*r + 82. Calculate j(0).
82
Let u(m) = m**2 - 87*m - 2645. Determine u(109).
-247
Let q(b) = 288*b**2 + 30180*b - 6286. Give q(-105).
14
Let y(u) = -67*u**3 + 181*u + 534. What is y(-3)?
1800
Let j(t) = -91*t**2 + 817*t + 69. Calculate j(9).
51
Let i(l) = -1916*l + 51829. Calculate i(27).
97
Let w(s) = 788*s - 74217. What is w(94)?
-145
Let j(v) = -v**3 - 372*v**2 + 5820*v + 5804. What is j(-387)?
-1
Let m(o) = 1806*o - 10901. Give m(6).
-65
Let x(o) = 2*o**3 + 11*o**2 + 342*o + 966. Give x(-3).
-15
Let o(j) = 668*j - 8839. Give o(13).
-155
Let m(w) = -66*w**2 - 68*w + 783. What is m(-4)?
-1
Let t(v) = 7618*v - 83802. Calculate t(11).
-4
Let x(f) = -f**2 + 31067*f - 279542. Calculate x(9).
-20
Let k(y) = y**3 - 50*y**2 - 512*y + 6431. What is k(57)?
-10
Let i(r) = r**2 + 226*r + 10584. Calculate i(-63).
315
Let t(k) = 2*k**3 - 1038*k**2 - 10555*k - 25. What is t(-10)?
-275
Let o(y) = 700*y + 19121. Determine o(-28).
-479
Let y(c) = -c**3 - 352*c**2 - 684*c + 2521. Calculate y(-350).
-3079
Let v(i) = -i**3 + 293*i**2 - 19112*i + 401. What is v(195)?
11
Let s(t) = 1871304*t + 14970433. Determine s(-8).
1
Let a(g) = -892*g - 534. Determine a(-2).
1250
Let v(m) = -m**3 + 39*m**2 - 417*m + 95. Calculate v(21).
-724
Let d(a) = a**2 + 1327*a + 299195. Determine d(-288).
-37
Let k(x) = 12369*x + 1632711. Calculate k(-132).
3
Let j(w) = w**3 + 166*w**2 + 418*w + 169. Determine j(-2).
-11
Let d(f) = 9133*f + 91350. What is d(-10)?
20
Let z(d) = 5*d**3 + 4*d**2 - 4992*d - 34730. What is z(-7)?
-1305
Let b(v) = -2*v**2 - 304*v - 8394. Determine b(-117).
-204
Let f(j) = 3025*j - 42250. Determine f(14).
100
Let s(f) = 25370*f + 126816. Calculate s(-5).
-34
Let y(j) = -26*j**2 + 24*j + 7926. Give y(-17).
4
Let g(j) = j**3 + 202*j**2 + 402*j - 2. Calculate g(-2).
-6
Let r(p) = 1617*p**2 - 51743*p - 7. Give r(32).
25
Let u(l) = 33244*l + 66490. What is u(-2)?
2
Let w(l) = -l**3 + 53*l**2 - 703*l + 170. Determine w(26).
144
Let p(q) = 218*q + 8473. What is p(-40)?
-247
Let g(l) = l**3 + 5*l**2 - 199*l + 196. Give g(1).
3
Let n(a) = -159*a**3 - 11*a**2 - 145*a + 155. What is n(1)?
-160
Let w(b) = -4*b**2 - 320*b - 1350. Give w(-70).
1450
Let b(o) = -39*o**2 - 149*o + 423. Give b(-6).
-87
Let d(w) = 9348*w - 65281. Calculate d(7).
155
Let u(h) = 12529*h - 1478772. What is u(118)?
-350
Let a(t) = -180*t**2 - 40320*t - 7. What is a(-224)?
-7
Let w(v) = 21*v + 1452. What is w(57)?
2649
Let b(x) = -9*x**2 + 226*x - 1288. Calculate b(15).
77
Let g(x) = -116*x**2 + 189*x + 799. What is g(-4)?
-1813
Let i(y) = y**2 - 99*y - 10292. Calculate i(-62).
-310
Let a(b) = 5*b**2 - 969*b - 9258. Determine a(203).
80
Let m(u) = 2*u**2 + 318*u - 4979. Calculate m(-167).
-2307
Let o(p) = 38*p + 607. Calculate o(14).
1139
Let n(t) = -t**2 + 90194*t - 541121. Calculate n(6).
7
Let k(v) = v**2 + 119*v - 2094. Calculate k(-135).
66
Let g(r) = 4*r**2 - 107014*r + 534988. Give g(5).
18
Let i(c) = -403*c - 32522. What is i(-80)?
-282
Let l(b) = b**2 + 4597*b + 392375. What is l(-87)?
5
Let u(w) = 5292*w + 666738. What is u(-126)?
-54
Let s(a) = 6*a**2 + 9455*a - 1587. Give s(-1576).
-11
Let f(k) = 336*k + 560. Determine f(-5).
-1120
Let o(n) = -664*n**2 - 8630*n - 57. Calculate o(-13).
-83
Let y(s) = -5*s**3 + 52*s + 160. Give y(-4).
272
Let f(j) = 2*j**3 + j**2 - 505*j + 1923. What is f(4)?
47
Let s(u) = 4243707*u + 12731113. Determine s(-3).
-8
Let p(o) = 387*o - 3433. Determine p(9).
50
Let n(t) = 47*t - 1650. Determine n(36).
42
Let q(a) = -829*a - 8959. Give q(-11).
160
Let w(g) = 383*g - 12176. Determine w(27).
-1835
Let l(f) = 19*f**2 + 1339*f + 509. Determine l(-70).
-121
Let c(t) = -162*t**2 - 34743*t - 34743. What is c(-1)?
-162
Let h(j) = -15*j**3 - 104*j**2 + 55*j + 44. Give h(-8).
628
Let s(x) = 296903*x + 3265939. Determine s(-11).
6
Let d(z) = -5*z**3 + 2486*z**2 - 5711*z + 131676. Give d(495).
6
Let o(s) = s**3 - 63*s**2 + 530*s - 31. Calculate o(53).
-31
Let r(t) = t**3 + 317*t**2 - 312*t + 1866. Calculate r(-318).
-42
Let l(t) = -t**3 + 131*t**2 - 1919*t + 815. Calculate l(114).
2981
Let i(t) = 59351*t + 16143486. Give i(-272).
14
Let b(m) = -43976*m - 1451210. Determine b(-33).
-2
Let t(v) = -19*v**3 - 57*v**2 + 6249*v + 18745. Determine t(-3).
-2
Let k(p) = 17*p**2 - 894*p - 20111. Calculate k(-17).
0
Let o(q) = -4*q**2 + 382*q + 205692. Calculate o(-184).
-20
Let x(k) = -47*k**3 - 9406*k**2 - 1201*k - 200. Calculate x(-200).
0
Let o(c) = -4*c**2 - 2181*c - 142633. What is o(-76)?
19
Let h(t) = -1153*t - 75174. Determine h(-67).
2077
Let c(f) = 3*f**2 - 5049*f + 20161. Calculate c(4).
13
Let n(u) = -2*u**3 - 79*u**2 + 161*u + 1516. Determine n(-41).
-42
Let z(u) = 36553*u + 13305281. What is z(-364)?
-11
Let k(v) = v**3 + 7719*v**2 + 3853